1
Let w(v) = 3*v**3 + v. Let s be (1*2)/(8/(-52)). Let o = -6 - s. Suppose 4*b + 3 = o. Give w(b).
4
Let y(b) = -b**3 - 7*b**2 - 12*b + 6. Let d(u) = -3*u**3 - 21*u**2 - 35*u + 17. Let l(g) = -6*d(g) + 17*y(g). Give l(-5).
20
Let b(v) = -v**3 - 6*v**2 - 7*v - 1. Let j(w) = w**3 + 14*w**2 - 16*w - 20. Let c be j(-15). Determine b(c).
9
Let z = 0 + 4. Let c(g) = -g + 6. Let k be c(z). Suppose -3*p - k*i - 7 = -30, 3*p - i - 11 = 0. Let h(v) = v**3 - 4*v**2 - 4*v - 6. What is h(p)?
-1
Let l = -16 + 24. Suppose 2*x - l = n, -5*x - n - 10 = 4*n. Suppose -o + x*w - 6 = -0*o, -23 = 5*o - 3*w. Let g(y) = y**2 + 7*y + 6. Give g(o).
-6
Let s(v) = v**3 + v**2 + v + 1. Let z(l) = -7*l**3 + 2*l**2 - 13*l - 6. Let a(d) = 6*s(d) + z(d). What is a(7)?
0
Let n = -25 + 27. Let o(c) = -2*c + 1 - c + 1. What is o(n)?
-4
Suppose -2 = -n, -3*n + 4*n = 4*o + 98. Let a = -23 - o. Let x(b) be the second derivative of b**3/2 - b. Give x(a).
3
Let f(d) = d**2 - 2*d - 3. Let n be f(3). Let a(s) = s - 3 + 6 - 4*s**2 + s**2 + 2*s**2. Give a(n).
3
Let l(y) = -y - 5. Suppose 2*g - 5*g + 90 = 0. Suppose 3*d = -2*d + g. Give l(d).
-11
Let v be (1 - 1) + (0 - -3). Let y(b) = -1 - 3 - 2 - v*b. Let w be 8/(-4) - (4 - 1). Determine y(w).
9
Let v(h) be the third derivative of -h**5/60 + h**4/3 - h**3/3 - 2*h**2. What is v(7)?
5
Let m(v) = 2*v**2 - v - 2. Suppose 3*h + 4*l = 4, 0 = -2*h + 3*h - 2*l - 8. Suppose -4*n + 4 = -h. Determine m(n).
4
Let j(g) = -g**2 - 2*g - 1. Let v be (-568)/(-28) - 4/14. Suppose 0 = l - 6*l - v. Let a = 0 + l. What is j(a)?
-9
Let l(t) = -5*t**2 + 4*t - 7*t**2 + 4 - 1 + 13*t**2. Let k(a) = 5*a. Let b be k(-1). Give l(b).
8
Let w(f) = -5*f**2 + 10*f + 2. Let a(p) = 4*p**2 - 9*p - 2. Let z(i) = 4*a(i) + 3*w(i). Give z(6).
-2
Let t(o) = -1. Let h be (-6)/2*(-1)/(-3). Let z(i) = -i**3 - 6*i**2 - 2*i - 13. Let w(f) = h*z(f) + 4*t(f). Suppose 4*g - 17 + 41 = 0. Give w(g).
-3
Let o be 1*2 - -2*1. Let n(a) = -o*a + 0*a**2 + 4*a**2 - 3*a**2 + 1. Let g(i) = -i**2 - 20*i + 26. Let b be g(-21). What is n(b)?
6
Let a(i) = -i**3 - i**2 + i. Let r be a(0). Suppose 4*f - 3*f - 1 = r. Let o(x) be the second derivative of x**5/10 + x**4/6 - x**3/6 + x. Give o(f).
3
Let g(y) = y**2 - 2*y - 2. Suppose -d - 3*k = -27, -2*d + d = -k - 7. Suppose -4*z = -7*z + d. Calculate g(z).
6
Let x(f) = -10*f**2 - 30*f + 10. Let j(g) = -2*g**2 - 6*g + 2. Let o(y) = 14*j(y) - 3*x(y). Determine o(-5).
18
Let t(b) = -2*b**3 - 4*b**2 + 6*b + 12. Let g be t(-2). Let c(z) be the first derivative of -z**4/4 + z**3/3 - z**2/2 - 3*z + 1. Calculate c(g).
-3
Let r(q) = -8 + 3*q - 6 + 12. Give r(3).
7
Let a(i) = 6 + 76*i**2 - 2 - 7*i - 3 - 84*i**2 - i**3. Determine a(-7).
1
Suppose 0 = -0*z + 4*z + 20. Let t(j) = -j + 1. Give t(z).
6
Let m(s) be the third derivative of s**5/60 + s**4/8 - 2*s**3/3 - 28*s**2. What is m(-3)?
-4
Let f(z) = -z**2 + 7*z + 5. Let b be f(7). Let r(n) = n**3 + n - n + b*n**2 + 4*n. Calculate r(-3).
6
Let o(j) = j**2 - 3*j + 3. Suppose 4*u = 5*r - 8, 0 = r - 2*r. Let h be ((-5)/1 + 1)/u. Determine o(h).
1
Let d(b) be the second derivative of -b**4/12 + b**3/2 + 2*b**2 + 4*b. Calculate d(3).
4
Suppose -3*z = -5*m + 18, 7*m - 4*m = -3*z + 6. Let t(f) = f - 1. Give t(z).
-2
Let h(m) = -5*m + 7*m + 7*m - 2 + 1. Give h(-1).
-10
Suppose 3*c + 27 = 3*s - 0*c, 2*c = -6. Let g(p) = -p**3 + 2*p + 2 + s - p**2 - p. Let z be -2 + 0/(-2) + 2. Determine g(z).
8
Let i be -5*(42/(-15) + 1). Let k(y) = y**2 - 9*y + 2. Calculate k(i).
2
Let u(c) = -c**3 + 3*c**2 + 2*c. Let s(k) = -k + 1. Let d be s(-5). Let o = d + -1. Let n be (24/20)/(2/o). Determine u(n).
6
Let o(u) = -u**2 - 3*u + 4. Let m be o(-3). Let c(a) = -a**2 + 6*a - 2*a - 7 + m*a. Let x be c(7). Let g(k) = -k - 2. Determine g(x).
-2
Suppose 8 = -2*q + 5*b - 3*b, -2*q - 11 = -5*b. Suppose -c + 5*c - 20 = 0. Let w(a) = 2*a - c*a + 4 + a. Determine w(q).
10
Let w(k) = -17*k**3 - 6*k**2 - k + 0*k - 1 + 18*k**3. What is w(6)?
-7
Let l(o) be the third derivative of o**7/840 + o**6/360 - o**5/60 - o**4/12 - o**3/3 - 3*o**2. Let j(m) be the first derivative of l(m). Calculate j(-2).
-2
Let s(g) = g**3 + 4*g**2 + 2*g - 1. Suppose 6*u = 2*u + 4. Let t be (-3)/(-1)*(6 - u). Suppose -3 = -2*l + 3*h - 0, 4*h + t = -l. What is s(l)?
2
Let u(t) = 3 + 8*t - 3 - 7*t + 5. Give u(-5).
0
Let v(j) = -j**2 + 2. Suppose -4*h - 3*i = -6, -h + 0*h - 3*i - 3 = 0. Give v(h).
-7
Let z(d) = -10*d**3 - d**2 - d. Suppose 39*a + 1 = 38*a. Determine z(a).
10
Let g(w) = -w - 11. Let q be (5/10)/((-2)/24). Give g(q).
-5
Let q(v) = 2*v**3 - 3*v**2 + 3*v + 23. Let g(a) = -a**3 + 2*a**2 - 2*a - 11. Let h(b) = 5*g(b) + 3*q(b). What is h(0)?
14
Let l(r) = -2*r**3 - 2*r**2 + 7*r - 1. Let u(m) = 4*m - 4*m**2 - 17*m + 3*m**3 + 1 + 9*m**2. Let y(w) = 5*l(w) + 3*u(w). Give y(4).
-2
Let p(m) = -12 - 10 + 22 - 3*m. Give p(4).
-12
Let v = 5 - 6. Let k(x) = 15*x**3 + x**2 + x + 1. Determine k(v).
-14
Let f(w) = 8 + 6*w**3 - 7 + 3*w**3 - w**2. Suppose 3*v - 4*h = 29, v - 2*h - 28 = 3*h. Suppose 4*i + 2 + 1 = 5*g, -5*g - v = -i. Determine f(g).
-9
Suppose -3*z - 2*z + 16 = -3*j, 14 = -2*j + 4*z. Suppose -r + j*o + 17 = -5*r, 5*o = 2*r + 15. Let a(q) = -q**3 - 4*q**2 + 5*q - 5. What is a(r)?
-5
Let x be ((-15)/10)/((-1)/(-2)). Let q = 2 + x. Let a(y) = -4*y**2 + 5*y + 4. Let m(n) = -9*n**2 + 11*n + 9. Let o(b) = -7*a(b) + 3*m(b). Calculate o(q).
2
Let z(f) = -3*f - 1. Suppose 0 = 5*l + 10, 4*w + 4*l = 2*w - 12. Give z(w).
5
Let i(f) = -f**3 + f**2 - f - 1. Let j(w) = -2*w + 1 + 0*w - 4. Let m be j(3). Let s be (-1)/(3*(-3)/m). Give i(s).
2
Let o(r) be the second derivative of r**4/12 - 11*r**3/6 + 5*r**2 + 15*r. Calculate o(7).
-18
Let n(i) = -i**3 - i**2 + i + 1. Let g(m) = 2*m**3 - 3*m**2 - 9*m - 8. Let y(d) = g(d) + 3*n(d). What is y(-5)?
0
Let b(o) = o - 3. Let c be b(5). Let j(d) = 2 + c*d + 2 - d**2 - 4*d. Calculate j(-4).
-4
Let g(v) = 2*v + 2. Suppose 3*p - 2*m = -34, -p - 4*m = 3 - 1. Let z be p/(-4)*(-8)/10. Calculate g(z).
-2
Let r(k) be the first derivative of k**3/6 - k**2/2 + 2*k - 1. Let g(z) be the first derivative of r(z). Let f be 84/9 + -4 + (-6)/(-9). Calculate g(f).
5
Let z(b) be the second derivative of b**5/20 + b**4/2 - b**3/3 - 5*b**2/2 + 12*b. Determine z(-6).
7
Let p(m) = -m**2 + 5*m. Suppose 2*w + 0*w - 8 = -2*a, -2*w = -2*a - 16. Let x be w*(-3)/(27/(-6)). Determine p(x).
4
Suppose 3 = 2*j - 7. Let y(u) = -2*u - 4. Determine y(j).
-14
Let a(g) = g**2 + 3*g + 1. Let n be 3 - ((-22)/2 + -3). Let y = 16 - n. Calculate a(y).
-1
Let u(j) = -j**3 + 6*j**2 - 6*j - 2. Let m be ((-4)/4 - 0)*-5. Calculate u(m).
-7
Let q(j) be the second derivative of -j**8/2240 + j**6/360 - j**5/120 - 2*j**4/3 - 8*j. Let i(v) be the third derivative of q(v). Give i(1).
-2
Let m be 5 + 0 + -1 - 1. Let t(l) = -13*l + 12. Let y(d) = -4*d + 4. Let g(c) = -2*t(c) + 7*y(c). Give g(m).
-2
Suppose 0 = -2*y - 2*y. Suppose y = -4*c + 2*c + 4. Let n(o) = -3*o**2 + c*o**2 + o - 4 + 5. Calculate n(2).
-1
Let k(q) = 2*q**2 + 3*q - 4. Let n = 13 - 16. What is k(n)?
5
Let r(b) = -2*b + 6. Let z(s) = s - 5. Let j be (-1)/5 - 21/(-5). Let h = 2 + 1. Let v(k) = h*r(k) + j*z(k). What is v(-4)?
6
Let w(g) = -1 - 5*g**2 - 5 + 4*g**2 + 7*g. Let o = 7 + -3. What is w(o)?
6
Let n(r) = -7*r**3 + 8*r**3 + 5 + 61*r**2 - 65*r**2 - 5*r. Calculate n(4).
-15
Suppose 3*z - 7 - 2 = 0. Suppose -3*x - 5*f = 17, -10 - 9 = -z*x + 4*f. Let y(t) = 59 + 0*t - 58 - t. Determine y(x).
0
Let a = -94 - -99. Let p(r) = r - 1. Give p(a).
4
Let y(w) be the third derivative of 0*w + 1/24*w**4 + 2*w**2 - 1/3*w**3 + 0. Give y(5).
3
Let t = 4 - 11. Let b = 13 + t. Let v(r) = r - 5. Determine v(b).
1
Let l(w) = 3*w**2 - 4*w + 3. Let y(r) = 2*r**3 + r**2 + r. Let o be y(2). Let a = 24 - o. Determine l(a).
7
Let l(q) = q**3 - 6*q**2 + 6*q. Let x be l(5). Let p(b) = -b**3 + 4*b**2 + 6*b - 3. What is p(x)?
2
Let x(k) be the first derivative of k**4/24 - 5*k**3/6 - k**2/2 + 1. Let i(z) be the second derivative of x(z). Give i(4).
-1
Let k(m) be the third derivative of m**5/60 - m**4/24 - 5*m**3/6 + 72*m**2. Suppose 2*f = 5*f. Determine k(f).
-5
Let v(b) = -4 - 3*b**2 + 6*b**2 - 2*b**2 + 6*b + 7. Determine v(-2).
-5
Let q(y) = 2*y - 8. Let g(a) = 5*a - 23. Let d(v) = 4*g(v) - 11*q(v). Calculate d(3).
-10
Let d(l) be the third derivat